 the highest common factor of 3958800 and 150?
150
What is the highest common divisor of 280 and 61?
1
What is the highest common factor of 695465 and 5?
5
What is the highest common divisor of 426852 and 6?
6
What is the greatest common factor of 1064 and 9464?
56
Calculate the highest common divisor of 58155 and 120.
15
What is the highest common factor of 552 and 314663?
23
Calculate the greatest common factor of 6594 and 84.
42
What is the greatest common factor of 6 and 104162?
2
Calculate the highest common divisor of 3248 and 20909.
203
What is the greatest common divisor of 594 and 1947264?
66
Calculate the greatest common divisor of 16 and 3044.
4
Calculate the greatest common factor of 296 and 72068.
4
Calculate the greatest common divisor of 749331 and 2233.
319
Calculate the greatest common divisor of 5246 and 28251.
43
What is the highest common factor of 24 and 1410?
6
What is the greatest common factor of 16898 and 1003?
17
What is the greatest common factor of 2598 and 39?
3
What is the highest common factor of 38160 and 231120?
720
What is the greatest common factor of 886 and 10593902?
886
Calculate the highest common divisor of 11189 and 134.
67
Calculate the highest common divisor of 15170 and 66625.
205
Calculate the highest common factor of 938 and 181503.
469
Calculate the highest common factor of 24898 and 13082.
422
What is the greatest common divisor of 8445476 and 52?
52
What is the highest common factor of 9047 and 83?
83
What is the greatest common divisor of 1440 and 47680?
160
What is the greatest common factor of 1324614 and 1108?
554
What is the highest common factor of 161 and 1231489?
161
Calculate the highest common divisor of 3979873 and 2356.
589
What is the highest common divisor of 4896 and 77724?
612
What is the highest common divisor of 666 and 20880?
18
Calculate the greatest common factor of 73794 and 24.
6
Calculate the greatest common divisor of 2 and 53903.
1
What is the highest common factor of 276 and 255622?
46
Calculate the greatest common divisor of 800 and 22200.
200
Calculate the highest common divisor of 173296 and 16.
16
What is the greatest common divisor of 4277 and 36331?
47
Calculate the greatest common divisor of 4 and 159224.
4
Calculate the greatest common divisor of 651 and 322338.
93
Calculate the greatest common divisor of 25 and 47040.
5
Calculate the highest common factor of 197010 and 720.
90
What is the greatest common divisor of 770 and 1673?
7
Calculate the highest common divisor of 26087 and 19.
19
Calculate the highest common factor of 7218 and 333.
9
What is the highest common factor of 1155000 and 420?
420
What is the highest common factor of 3045 and 142275?
105
What is the greatest common factor of 257488 and 3762?
418
Calculate the highest common factor of 11934 and 47294.
442
Calculate the highest common factor of 5238 and 459.
27
Calculate the highest common divisor of 106 and 583742.
106
What is the highest common factor of 10166 and 15470?
442
What is the greatest common divisor of 4693506 and 12?
6
Calculate the highest common divisor of 732 and 2964.
12
What is the greatest common divisor of 8126 and 190483?
239
Calculate the greatest common divisor of 104700 and 800.
100
Calculate the highest common factor of 21 and 169869.
21
What is the highest common factor of 99027 and 9?
9
What is the greatest common factor of 2682 and 1639?
149
Calculate the greatest common divisor of 448893 and 12.
3
What is the greatest common divisor of 20178 and 708?
354
What is the highest common factor of 147546 and 1575?
63
Calculate the greatest common factor of 217877 and 319.
319
Calculate the highest common factor of 345 and 19830.
15
What is the highest common divisor of 2 and 71255?
1
What is the highest common factor of 20 and 984530?
10
What is the highest common divisor of 91 and 397189?
13
What is the greatest common divisor of 255 and 47226?
51
What is the greatest common divisor of 195810 and 321?
321
Calculate the greatest common factor of 45 and 24615.
45
What is the highest common factor of 3603573 and 18?
9
What is the highest common factor of 92628 and 324?
36
Calculate the greatest common factor of 422872 and 16.
8
Calculate the greatest common factor of 400124 and 67.
67
What is the highest common divisor of 21 and 62160?
21
What is the greatest common divisor of 13637 and 229731?
1049
Calculate the highest common factor of 16690 and 5.
5
What is the greatest common factor of 107539 and 62?
31
Calculate the highest common divisor of 576 and 122976.
288
What is the greatest common divisor of 2867 and 4331?
61
Calculate the highest common factor of 1074 and 2289.
3
Calculate the highest common divisor of 46671 and 11703.
141
Calculate the greatest common divisor of 15041 and 4984.
89
Calculate the highest common divisor of 7250 and 1119400.
1450
Calculate the greatest common divisor of 91280 and 91.
7
What is the highest common divisor of 42444 and 204?
12
What is the greatest common divisor of 2492 and 399?
7
What is the greatest common factor of 100644 and 8?
4
What is the highest common divisor of 570 and 7581?
57
What is the highest common divisor of 10 and 183145?
5
Calculate the highest common divisor of 26 and 2558647.
13
Calculate the greatest common divisor of 61 and 17401.
1
What is the greatest common factor of 6500 and 16640?
260
What is the highest common divisor of 170956 and 541?
541
What is the highest common divisor of 35775 and 540?
135
What is the highest common factor of 162 and 574533?
81
Calculate the highest common factor of 438 and 27342.
6
Calculate the highest common factor of 2000 and 14120.
40
Calculate the highest common divisor of 743171 and 143.
143
Calculate the greatest common divisor of 507 and 33111.
39
Calculate the greatest common factor of 157 and 7048201.
157
What is the highest common factor of 78417 and 36?
9
What is the highest common divisor of 21050 and 4250?
50
What is the greatest common divisor of 458913 and 82?
41
What is the highest common factor of 9 and 98?
1
What is the highest common factor of 1028 and 1156?
4
Calculate the highest common divisor of 34055 and 1225.
245
What is the greatest common divisor of 4312737 and 33?
33
Calculate the greatest common factor of 1920 and 93760.
320
What is the highest common divisor of 56236 and 85?
17
What is the greatest common factor of 488 and 244183?
61
What is the greatest common factor of 389489 and 799?
47
Calculate the highest common factor of 6499 and 9991.
97
What is the greatest common factor of 387 and 216247?
43
Calculate the highest common divisor of 98775 and 500.
25
Calculate the highest common divisor of 29970 and 58590.
270
What is the highest common divisor of 1309009 and 13?
13
What is the highest common divisor of 363 and 345213?
363
What is the highest common factor of 265293 and 2457?
63
Calculate the highest common divisor of 13155 and 45.
15
Calculate the highest common divisor of 3060 and 935.
85
Calculate the highest common factor of 2478 and 3068.
118
Calculate the greatest common divisor of 477 and 21094.
53
Calculate the highest common divisor of 23 and 149983.
23
What is the highest common divisor of 4260 and 1848?
12
Calculate the highest common factor of 2002860 and 540.
540
What is the highest common factor of 1050 and 97050?
150
Calculate the greatest common divisor of 7752 and 1428.
204
What is the highest common factor of 1592 and 1268?
4
What is the highest common factor of 304 and 5392?
16
What is the greatest common factor of 116 and 100108?
116
Calculate the highest common divisor of 24 and 39048.
24
Calculate the highest common divisor of 376 and 3304.
8
What is the greatest common divisor of 7896 and 20720?
56
Calculate the greatest common divisor of 30 and 116340.
30
Calculate the highest common factor of 1801125 and 2250.
1125
Calculate the greatest common divisor of 161660 and 137.
137
Calculate the greatest common factor of 3552 and 81992.
296
Calculate the highest common factor of 102 and 18717.
51
What is the greatest common divisor of 6120 and 3944?
136
What is the highest common factor of 4 and 433652?
4
What is the highest common divisor of 2548 and 10010?
182
Calculate the highest common factor of 172 and 2044.
4
Wha